
Let x(n) = n - 10. Determine x(3).
-7
Let h(j) = -3*j - 24. Give h(-10).
6
Let o(u) = u**3 + 15*u**2 + 34*u - 101. Calculate o(-11).
9
Let f(u) = -6*u**2 - 43*u - 1. What is f(-7)?
6
Let v(f) = 8*f - 125. Give v(17).
11
Let n(b) = -b**2 + 5*b + 3. What is n(6)?
-3
Let f(q) = 4*q**2 - 47*q - 14. Determine f(12).
-2
Let h(g) = g**3 + 16*g**2 + 3*g + 46. Determine h(-16).
-2
Let h(x) = -x**3 - 4*x**2 + 5. What is h(-3)?
-4
Let m(c) = c**3 + 34*c**2 + 2*c + 68. Calculate m(-34).
0
Let y(n) = -n**2 - 10*n + 6. Give y(-10).
6
Let u(g) = -26*g - 107. What is u(-4)?
-3
Let f(v) = v**3 - 9*v**2 + 11*v - 28. Determine f(8).
-4
Let q(g) = -g**2 - 8*g + 3. What is q(-7)?
10
Let t(b) = -b + 7. Calculate t(10).
-3
Let m(l) = 2*l**3 + 18*l**2 + l - 14. Calculate m(-9).
-23
Let t(q) = -16*q + 131. Determine t(8).
3
Let v(f) = f**3 - 11*f**2 + 6*f - 8. Give v(10).
-48
Let b(j) = -j**3 - 24*j**2 - 46*j - 26. What is b(-22)?
18
Let k(y) = -y**2 + 42*y - 385. Give k(13).
-8
Let b(g) = -g**3 - 5*g**2 + 20*g + 3. Determine b(-8).
35
Let d(w) = -w**2 - w + 31. Determine d(-9).
-41
Let g(z) = -4*z + 2. Determine g(2).
-6
Let h(y) = -y**3 - y**2 - y + 7. What is h(0)?
7
Let k(f) = -f**3 + 18*f**2 - 26*f - 82. What is k(16)?
14
Let j(f) = f**3 - 2*f**2 - 2*f + 3. Determine j(2).
-1
Let s(r) = 4*r**2 + 2*r + 1. Determine s(-1).
3
Let m(a) = -2*a**3 - 31*a**2 + 18*a + 31. Give m(-16).
-1
Let y(s) = s**3 + 5*s**2 + 4*s + 4. Determine y(-4).
4
Let y(u) = 20*u**3 - 2*u**2 + 3*u - 2. Calculate y(1).
19
Let l(k) = -12*k - 4. Determine l(-1).
8
Let c(s) = -3*s - 4. What is c(-6)?
14
Let b(k) = -k**2 + k + 3. Calculate b(3).
-3
Let h(t) = 3*t + 1. Give h(-2).
-5
Let z(a) = a**3 + 4*a**2 - 3*a - 13. What is z(-7)?
-139
Let s(j) = 9*j + 295. Calculate s(-33).
-2
Let y(l) = 3*l**3 + 14*l**2 + 10*l + 7. Calculate y(-5).
-68
Let h(b) = b**2 - 2*b - 6. Give h(4).
2
Let c(s) = 5*s**2 - 9*s - 10. Calculate c(-1).
4
Let i(c) = -5*c + 29. Calculate i(4).
9
Let h(s) = 32*s**2 + 163*s + 8. Give h(-5).
-7
Let g(o) = o**2 + 20*o + 75. Calculate g(-22).
119
Let f(b) = -b**3 + 7*b**2 - 6*b. Determine f(6).
0
Let k(s) = -18*s - 143. Determine k(-8).
1
Let i(c) = -c**2 - 33*c - 96. What is i(-30)?
-6
Let q(r) = 5*r**2 + 69*r - 17. Determine q(-14).
-3
Let i(x) = 19*x + 357. Determine i(-20).
-23
Let x(w) = -4*w**3 + 2*w - 1. Give x(-3).
101
Let h(f) = f**3 + 5*f**2 + f - 2. Determine h(-5).
-7
Let r(z) = z**2 - 9*z - 15. Determine r(11).
7
Let q(f) = -f**2 - 38*f - 198. Give q(-32).
-6
Let d(p) = 5*p**2 - 25*p - 8. What is d(7)?
62
Let r(f) = -f**3 + 4*f**2 - f - 4. Determine r(4).
-8
Let m(v) = -v**2 - 11*v - 12. What is m(-10)?
-2
Let w(h) = 52*h**2 + 2. Calculate w(1).
54
Let k(n) = -n + 9. Give k(0).
9
Let o(t) = 25*t - 92. Determine o(4).
8
Let l(q) = 15*q - 137. Calculate l(9).
-2
Let n(v) = 5*v**3 - 4*v**2 - 10*v - 11. Calculate n(-3).
-152
Let m(d) = d**3 - d**2 + d + 18. Calculate m(0).
18
Let j(p) = p**3 + 5*p**2 - 26*p + 5. What is j(-8)?
21
Let b(x) = -x**3 + 7*x**2 - 7*x - 6. Determine b(6).
-12
Let i(f) = -3*f**3 - 4*f**2 + f - 1. Calculate i(-2).
5
Let d(r) = -10*r + 16. Determine d(10).
-84
Let r(u) = 5*u - 2. Calculate r(6).
28
Let r(v) = -v**3 + 2*v**2 + 6*v. What is r(-3)?
27
Let i(n) = 25*n - 4. What is i(-1)?
-29
Let h(j) = -29*j - 7. Calculate h(2).
-65
Let h(j) = j**2 + 19*j + 7. Determine h(-18).
-11
Let n(b) = -57*b + 972. Calculate n(17).
3
Let u(b) = -8*b - 207. Calculate u(-29).
25
Let g(z) = 37*z**2 + z - 3. Determine g(-2).
143
Let l(s) = -s**3 - 8*s**2 - 14*s - 4. Determine l(-7).
45
Let u(q) = -q**2 - 5*q + 166. Give u(-16).
-10
Let z(w) = -4*w**2 - 15*w + 64. Determine z(4).
-60
Let o(y) = 3*y + 3. What is o(4)?
15
Let v(l) = -l - 15. Calculate v(-5).
-10
Let a(q) = -10*q + 62. Give a(6).
2
Let l(o) = o**2 - 24*o + 149. Give l(11).
6
Let p(a) = a**2 - 11*a + 15. What is p(6)?
-15
Let y(k) = k**3 + 6*k**2 + 2*k + 6. Determine y(-6).
-6
Let s(d) = 23*d + 10. Give s(-6).
-128
Let f(m) = -m - 17. Determine f(-9).
-8
Let u(i) = i**3 - 20*i**2 - 2. Give u(20).
-2
Let a(t) = -t**3 - 2*t**2 + 2*t + 2. Determine a(-1).
-1
Let b(f) = 34*f**2 - 1. Calculate b(-1).
33
Let q(k) = -k**3 - 7*k**2 - 2*k - 21. Give q(-7).
-7
Let x(u) = 22*u**2. Determine x(1).
22
Let r(s) = 6*s - 16. Determine r(2).
-4
Let l(a) = -3*a**2 + 3*a + 11. Determine l(4).
-25
Let k(x) = 95*x**3 - 3*x + 2. Calculate k(1).
94
Let z(c) = -c**3 + 10*c**2 - 21*c + 11. Calculate z(8).
-29
Let q(u) = -7*u + 1. Determine q(2).
-13
Let f(x) = -20*x - 246. What is f(-12)?
-6
Let q(s) = -s**3 + 2*s**2 - 3*s - 2. Calculate q(-3).
52
Let b(f) = -f**2 - 8*f - 2. Give b(-6).
10
Let r(i) = -i**2 - i + 4. Give r(4).
-16
Let j(r) = -6*r**2 + 2*r + 3. Calculate j(-1).
-5
Let f(n) = n**3 - 52*n**2 + 191*n + 49. Give f(48).
1
Let h(g) = -2*g - 5. Calculate h(-5).
5
Let d(r) = r**2 - 13*r - 4. Calculate d(14).
10
Let p(s) = s**2 - 4*s - 18. What is p(11)?
59
Let b(m) = -m**3 + 7*m**2 + 2*m - 9. Calculate b(7).
5
Let u(p) = 64*p + 649. Calculate u(-10).
9
Let g(p) = -36*p**3 - 2*p**2 + 2. Calculate g(-1).
36
Let o(k) = k**2 + 15*k + 4. Give o(-13).
-22
Let h(b) = b**3 - 10*b**2 - 4*b + 12. Give h(8).
-148
Let f(b) = -70*b + 488. What is f(7)?
-2
Let x(b) = -b**3 + 22*b**2 + 30. Calculate x(22).
30
Let b(y) = 2*y + 5. Give b(8).
21
Let t(f) = -2*f**2 - f + 15. Calculate t(0).
15
Let o(x) = -x**2 - 6*x + 34. Determine o(-9).
7
Let q(h) = 3*h**2 + 10*h + 14. Determine q(-2).
6
Let j(a) = a**2 - 3*a - 8. What is j(-2)?
2
Let s(b) = 17*b - 35. What is s(6)?
67
Let b(q) = -q**2 + 32*q - 86. What is b(29)?
1
Let z(v) = 2*v - 12. Determine z(4).
-4
Let j(f) = -2*f**2 + 7*f - 12. Determine j(7).
-61
Let g(v) = 2*v**2 - v - 35. Determine g(-7).
70
Let w(r) = 4*r - 77. Give w(14).
-21
Let u(l) = -l**2 + 14*l + 21. Give u(15).
6
Let b(q) = 3*q. What is b(-3)?
-9
Let m(x) = -x**3 - 32*x**2 + 71*x + 98. Calculate m(-34).
-4
Let i(l) = -4*l + 1. What is i(-6)?
25
Let f(y) = -4*y**3 - 2*y**2 - 3*y - 1. Give f(-1).
4
Let y(w) = 2*w - 41. Determine y(23).
5
Let a(x) = x**3 + 9*x**2 - 55*x + 3. Give a(4).
-9
Let q(u) = 85*u - 772. Give q(9).
-7
Let g(y) = -y + 17. Calculate g(16).
1
Let r(u) = -u**3 + 17*u**2 + 37*u + 24. Determine r(19).
5
Let b(s) = -s**2 + 19*s - 17. Determine b(18).
1
Let l(j) = j**3 - 5*j**2 + 10*j - 9. Give l(2).
-1
Let g(i) = -7*i + 19. Give g(7).
-30
Let x(f) = -f**3 + 5*f**2 - 4*f + 1. Determine x(2).
5
Let n(c) = -7*c - 6. Determine n(2).
-20
Let i(b) = b**3 + 9*b**2 + 7*b. What is i(-8)?
8
Let o(i) = -46*i + 5. What is o(0)?
5
Let p(x) = x**2 - 13*x - 6. Determine p(16).
42
Let x(f) = -112*f**2 + 4*f - 2. What is x(1)?
-110
Let o(k) = -k**3 - 2*k**2 + 3*k - 4. What is o(-3)?
-4
Let z(b) = 4*b + 3. Give z(-15).
-57
Let k(j) = -j - 32. Calculate k(9).
-41
Let l(c) = -c**3 + c**2 + 5*c - 8. What is l(4)?
-36
Let q(w) = -22*w**2 - 2. Calculate q(-3).
-200
Let j(y) = 2*y + 10. What is j(-3)?
4
Let p(u) = 3*u + 1. What is p(-1)?
-2
Let t(c) = -c + 7. Determine t(-5).
12
Let u(k) = -k**3 + 2*k**2 - k + 29. What is u(0)?
29
Let q(g) = -2*g**3 + 27*g**2 - 13*g + 10. What is q(13)?
10
Let c(r) = -r**3 - 3*r**2 + 20. Calculate c(0).
20
Let o(k) = k**3 + 13*k**2 + 11*k - 16. Determine o(-12).
-4
Let p(m) = m + 28. Give p(-11).
17
Let r(v) = 3*v**2 + 6*v + 7. Determine r(-3).
16
Let x(s) = s**3 - s**2 - 19. Give x(0).
-19
Let u(h) = h**3 - 5*h**2 - 20*h + 36. Give u(7).
-6
Let b(j) = -2*j**3 - 7*j**2 - 4*j - 2. What is b(-4)?
30
Let v(o) = 4*o - 18. Calculate v(7).
10
Let y(b) = b**2 + 20*b + 14. Give y(-11).
-85
Let q(w) = 136*w - 407. Calculate q(3).
1
Let d(z) = -2*z**3 + z**2 - 2. What is d(2)?
-14
Let a(d) = d**3 - 10*d**2 + 9*d - 1. Calculate a(9).
-1
Let s(u) = -13*u + 559. Give s(43).
0
Let z(l) = -16*l**2 + 7*l + 6. Give z(-1).
-17
Let v(y) = y - 15. Determine v(13).
-2
Let j(t) = t**2 - 14*t + 2. Give j(11).
-31
Let m(p) = -7*p**2 - 160*p + 17. Give m(-23).
-6
Let d(a) = 13*a**2 + 3. Determine d(-3).
120
Let q(a) = -4*a + 2. Give q(-2).
10
Let v(n) = n**2 - 5*n - 25. Give v(8).
-1
Let o(g) = 5*g + 27. Give o(-7).
-8
Let x(g) = 2*g + 29. What is x(-6)?
17
Let u(w) = 16*w - 34. Calculate u(2).
-2
Let z(v) = -2*v**3 + 2*v - 3. Calculate z(-2).
9
Let p(b) = 6*b - 15. What is p(3)?
3
Let f(h) = 14*h**2 + 43*h + 1. Give